 what is 1 - -1116?
1117
In base 6, what is 3 - -54?
101
In base 15, what is -2c - -59?
2c
In base 14, what is 19cc + 0?
19cc
In base 16, what is bd - -6?
c3
In base 3, what is -10 + 2111?
2101
In base 13, what is 40 + 1?
41
In base 7, what is -4 + 235?
231
In base 9, what is 6085 - 1?
6084
In base 4, what is 221210 - -10?
221220
In base 6, what is 203 - 5?
154
In base 14, what is -7bb8 + -5?
-7bbd
In base 2, what is -10 - -10111?
10101
In base 5, what is -2130 - 24?
-2204
In base 11, what is 3 - 540?
-538
In base 13, what is -2267 - 2?
-2269
In base 5, what is -22444 + 21?
-22423
In base 7, what is 20152 + -4?
20145
In base 16, what is 2d6f + -3?
2d6c
In base 7, what is -21 - -1005?
654
In base 9, what is -6 - 40?
-46
In base 3, what is -100012 + 102?
-22210
In base 9, what is 2040 + 5?
2045
In base 9, what is 7 + -3632?
-3624
In base 9, what is 1 - 27?
-26
In base 13, what is 162 + -2?
160
In base 6, what is 22535 + -3?
22532
In base 3, what is -1 + -1021?
-1022
In base 8, what is -1 - -165?
164
In base 16, what is -289 - 4?
-28d
In base 11, what is 53 + -a?
44
In base 11, what is -2a2a + -3?
-2a32
In base 11, what is 0 + -197?
-197
In base 14, what is -8 - -25?
1b
In base 4, what is 10 + 100?
110
In base 5, what is -2102311 - 4?
-2102320
In base 4, what is 21123 - 12?
21111
In base 15, what is -5 + -77?
-7c
In base 16, what is -16b - 19?
-184
In base 13, what is 7 - 21a?
-213
In base 11, what is -2 + -108?
-10a
In base 12, what is -a05 + -2?
-a07
In base 4, what is -3003 + 3?
-3000
In base 13, what is -27 - 3?
-2a
In base 16, what is 24 + -f?
15
In base 2, what is 1001111 - -10?
1010001
In base 7, what is 0 - 12325?
-12325
In base 11, what is -42 - 67?
-a9
In base 9, what is -2 - 1233?
-1235
In base 7, what is 0 - -10?
10
In base 4, what is 11 - 330011?
-330000
In base 6, what is -31 - 1242?
-1313
In base 7, what is -2 + 5?
3
In base 5, what is 12004 + -1?
12003
In base 6, what is -44 - -10?
-34
In base 14, what is -10aa - 0?
-10aa
In base 4, what is 32 + 1112?
1210
In base 5, what is 113333 + -10?
113323
In base 3, what is -2 + 201210?
201201
In base 11, what is -67 + 1?
-66
In base 9, what is 773 - -5?
778
In base 2, what is -11001110 + 11?
-11001011
In base 11, what is 5 + 324?
329
In base 5, what is 4 - -120?
124
In base 15, what is d - 11b?
-10d
In base 2, what is -1110 + -1001100?
-1011010
In base 14, what is -38 - -40?
6
In base 12, what is 1780 - -5?
1785
In base 6, what is -103321 - 2?
-103323
In base 15, what is 4 + 29a?
29e
In base 8, what is -3 + -156?
-161
In base 6, what is 20 - 200?
-140
In base 7, what is 1214 - 6?
1205
In base 6, what is -2043 + -3?
-2050
In base 12, what is 2b + 18?
47
In base 15, what is c - 45?
-38
In base 7, what is 0 + 115?
115
In base 4, what is -11101 - -11?
-11030
In base 16, what is 223b - 3?
2238
In base 13, what is 4 + -35?
-31
In base 5, what is 120324 - -1?
120330
In base 15, what is -100 + -c?
-10c
In base 3, what is -22 - 1000001?
-1000100
In base 9, what is -6346 - -2?
-6344
In base 7, what is -1 + -11?
-12
In base 7, what is -11026 + -4?
-11033
In base 12, what is -46 - -b?
-37
In base 11, what is -16 + -76?
-91
In base 15, what is 1 + 3c?
3d
In base 5, what is 313 + 2?
320
In base 13, what is 2 + 1339?
133b
In base 4, what is -22110022 + -2?
-22110030
In base 16, what is 93 + 2?
95
In base 3, what is 102 - 0?
102
In base 15, what is -3 - 77?
-7a
In base 14, what is 4 - -bb?
c1
In base 8, what is -4 - 770?
-774
In base 15, what is 5 + 299?
29e
In base 16, what is 3 + 7a2?
7a5
In base 8, what is 1337 - -3?
1342
In base 3, what is 111 + -20?
21
In base 14, what is -3 + d20?
d1b
In base 12, what is 45 + 1?
46
In base 3, what is -220 + -21?
-1011
In base 5, what is -112 - 130?
-242
In base 16, what is -16 - 58?
-6e
In base 6, what is -1 + -1341?
-1342
In base 16, what is 19 - 4?
15
In base 5, what is -231 + 10?
-221
In base 4, what is -11 - -103031?
103020
In base 8, what is 0 + 67?
67
In base 2, what is 100 - 10000?
-1100
In base 9, what is 24236 - -3?
24240
In base 14, what is a54 - 1?
a53
In base 16, what is 6 + 2d?
33
In base 16, what is 1 - 1b?
-1a
In base 5, what is 314 - 10?
304
In base 2, what is 11 - -11010?
11101
In base 3, what is -21 + 12?
-2
In base 3, what is 20012 - 11?
20001
In base 2, what is 1001000110 + 1?
1001000111
In base 3, what is 22 - -1110?
1202
In base 4, what is -111011 - -11?
-111000
In base 14, what is -6a - 0?
-6a
In base 2, what is -100010 + -100?
-100110
In base 11, what is 31 + 2?
33
In base 15, what is 453 - 3?
450
In base 9, what is -843 + 1?
-842
In base 2, what is -111100101111 + -11?
-111100110010
In base 8, what is 70340 - -3?
70343
In base 4, what is -1 - 121123?
-121130
In base 13, what is -3 - cc1?
-cc4
In base 7, what is -1 - 50?
-51
In base 6, what is -42 - -1?
-41
In base 8, what is 17 + 53?
72
In base 2, what is -1 - 100001100001?
-100001100010
In base 14, what is 555 + 2?
557
In base 14, what is -11 - 0?
-11
In base 3, what is 1010 - -2?
1012
In base 15, what is e - 0?
e
In base 2, what is -1100001111 + -10?
-1100010001
In base 10, what is 329 - 3?
326
In base 16, what is -1e7 + -2?
-1e9
In base 13, what is 11 - 1?
10
In base 8, what is -373 + 0?
-373
In base 12, what is 6 - -4125?
412b
In base 16, what is 1 - -225b?
225c
In base 10, what is 1 + -2265?
-2264
In base 14, what is 0 - 174b?
-174b
In base 16, what is 2e7a - 4?
2e76
In base 14, what is 2 - -ca1?
ca3
In base 13, what is 2a7 + -4?
2a3
In base 9, what is 0 - 73?
-73
In base 3, what is -1220 + 2202?
212
In base 7, what is 4 - 225?
-221
In base 4, what is -200 + 111?
-23
In base 12, what is -7 - 8?
-13
In base 16, what is 52 + 0?
52
In base 16, what is -344 - -2?
-342
In base 8, what is -5146 - -3?
-5143
In base 5, what is 12300 - -10?
12310
In base 7, what is 245 - -1?
246
In base 14, what is a8 - 3?
a5
In base 13, what is -648 + 4?
-644
In base 3, what is -222001 - 1?
-222002
In base 13, what is -1a - -7b?
61
In base 13, what is 2 + -2b1?
-2ac
In base 2, what is -110110101111101 - -100?
-110110101111001
In base 11, what is 0 - 40?
-40
In base 8, what is 7 + -22?
-13
In base 11, what is -3 - 2244?
-2247
In base 7, what is -1 + 1511?
1510
In base 5, what is -3 - -421?
413
In base 12, what is -742 - 4?
-746
In base 14, what is -8b - 0?
-8b
In base 5, what is -4331 + 3?
-4323
In base 11, what is 6 + -3?
3
In base 4, what is -11 - 1012?
-1023
In base 7, what is 1302 + -5?
1264
In base 12, what is 34 - 2?
32
In base 3, what is -110 + 12?
-21
In base 13, what is 44 + 8b?
102
In base 3, what is 210 + 1222020?
2000000
In base 10, what is 6 + -8?
-2
In base 16, what is 7 + 40?
47
In base 13, what is 20 + 1?
21
In base 12, what is 2a07 - -3?
2a0a
In base 9, what is -48 - 140?
-188
In base 15, what is -4e - 2?
-51
In base 8, what is 10 + -5130?
-5120
In base 13, what is a319 + -5?
a314
In base 8, what is 6 - 14?
-6
In base 16, what is f1 + 1?
f2
In base 5, what is -4232 - 2?
-4234
In base 14, what is -1911 + -1?
-1912
In base 11, what is 1 - -266?
267
In base 13, what is 7 + -675?
-66b
In base 11, what is -30 + -5?
-35
In base 10, what is 87 - 3?
84
In base 11, what is 16814 - 2?
16812
In base 8, what is -21 - 13?
-34
In base 8, what is 1353 - 1?
1352
In base 8, what is -16 - 2246?
-2264
In base 3, what is -2 + 1110?
1101
In base 3, what is 0 - 1120?
-1120
In base 4, what is -303 + -13?
-322
In base 6, what is -531 + 21?
-510
In base 4, what is -32212 + -10?
-32222
In base 3, what is 22112210 - 2?
22112201
In base 12, what is -251 - -3?
-24a
In base 12, what is 4 + 46?
4a
In base 7, what is 415 - 5?
410
In base 2, what is 110011 - -1?
110100
In base 10, what is 199 + 4?
203
In base 9, what is -1500 - -3?
-1486
In base 14, what is a - -1?
b
In base 16, what is 3 + 1ce?
1d1
In base 5, what is 33 + -40?
-2
In base 12, what is 175 + 12?
187
In base 8, what is -14 - -1?
-13
In base 14, what is 8 - 277?
-26d
In base 6, what is 4 + -5245?
-5241
In base 5, what is -1331 - 12?
-1343
In base 14, what is -4 + 2a?
26
In base 6, what is -5 + 114?
105
In base 8, what is -4113 + -4?
-4117
In base 15, what is 4 - 204?
-200
In base 7, what is -3 - -5202?
5166
In base 10, what is -3 + 291?
288
In base 11, what is 4 - 74?
-70
In base 2, what is 100100011 + -10?
100100001
In base 12, what is 8 - -66?
72
In base 2, 